{"id":3549,"date":"2015-04-08T15:40:23","date_gmt":"2015-04-08T15:40:23","guid":{"rendered":"http:\/\/impreza.us-themes.net\/?page_id=3549"},"modified":"2025-07-09T16:10:10","modified_gmt":"2025-07-09T16:10:10","slug":"jardinbotanico","status":"publish","type":"page","link":"https:\/\/uribarren.es\/esp\/jardinbotanico\/","title":{"rendered":"Jard\u00edn Bot\u00e1nico"},"content":{"rendered":"<section class=\"l-section wpb_row height_medium full_height valign_center color_secondary with_img parallax_ver\"><div class=\"l-section-img\" role=\"img\" aria-label=\"Imagen\" data-img-width=\"1200\" data-img-height=\"661\" style=\"background-image: url(https:\/\/uribarren.es\/esp\/wp-content\/uploads\/2015\/04\/CARTEL-BOTANICO-DIRECTORIO-GENERAL-reducido.jpg);background-repeat: no-repeat;\"><\/div><div class=\"l-section-overlay\" style=\"background:rgba(30,30,30,0.5)\"><\/div><div class=\"l-section-h i-cf\"><div class=\"g-cols vc_row via_grid cols_1 laptops-cols_inherit tablets-cols_inherit mobiles-cols_1 valign_top type_default stacking_default\"><div class=\"wpb_column vc_column_container\"><div class=\"vc_column-inner\">[vc_custom_heading text=\u00bbDescubre nuestro Jard\u00edn Bot\u00e1nico\u00bb font_container=\u00bbtag:h1|font_size:4rem|text_align:center\u00bb use_theme_fonts=\u00bbyes\u00bb css=\u00bb%7B%22default%22%3A%7B%22font-size%22%3A%224rem%22%7D%7D\u00bb]<div class=\"w-iconbox iconpos_top style_circle color_primary align_center no_text no_title\"><a href=\"#second\" class=\"w-iconbox-link\" aria-label=\"fas|chevron-down\"><div class=\"w-iconbox-icon\" style=\"font-size:24px;\"><i class=\"fas fa-chevron-down\"><\/i><\/div><\/a><div class=\"w-iconbox-meta\"><\/div><\/div><\/div><\/div><\/div><\/div><\/section><section class=\"l-section wpb_row height_medium full_height valign_center color_alternate\" id=\"second\"><div class=\"l-section-h i-cf\"><div class=\"g-cols vc_row via_grid cols_1 laptops-cols_inherit tablets-cols_inherit mobiles-cols_1 valign_top type_default stacking_default\"><div class=\"wpb_column vc_column_container\"><div class=\"vc_column-inner\"><div class=\"wpb_text_column\"><div class=\"wpb_wrapper\"><h2 style=\"text-align: center;\">Jard\u00edn Bot\u00e1nico<strong>\u00a0Uribarren Abaroa<\/strong><\/h2>\n<\/div><\/div><div class=\"w-separator size_large with_line width_default thick_1 style_solid color_primary align_center with_content\"><div class=\"w-separator-h\"><i class=\"fas fa-leaf\"><\/i><\/div><\/div><div class=\"g-cols wpb_row via_grid cols_2 laptops-cols_inherit tablets-cols_inherit mobiles-cols_1 valign_top type_default stacking_default\" style=\"--columns-gap:3rem;\"><div class=\"wpb_column vc_column_container\"><div class=\"vc_column-inner\"><div class=\"wpb_text_column\"><div class=\"wpb_wrapper\"><h6>Desde la Fundaci\u00f3n hemos querido crear un espacio de estudio y divulgaci\u00f3n de la <strong>gran variedad de \u00e1rboles y plantas<\/strong> que conforman la colecci\u00f3n privada que podemos encontrar en nuestros jardines (m\u00e1s de<strong> 2.000 ejemplares<\/strong> con 123 especies y\/o subespecies diferentes), junto con <strong>dos huertos<\/strong>, uno con hortalizas de temporada y otro con plantas arom\u00e1ticas y culinarias. En estos huertos, nuestros\/as usuarios\/as pueden realizar tareas de <strong>cuidado y mantenimiento<\/strong>, reforzando y complementando as\u00ed sus ratos de ocio.<br \/>\n<strong>Con el car\u00e1cter divulgativo del Jard\u00edn Bot\u00e1nico queremos reforzar la importancia de este tipo de jardines como instrumentos de Educaci\u00f3n Ambiental en la sociedad actual.<\/strong><\/h6>\n<\/div><\/div><\/div><\/div><div class=\"wpb_column vc_column_container\"><div class=\"vc_column-inner\"><div class=\"wpb_text_column\"><div class=\"wpb_wrapper\"><h6>Fiel al ideario de la Fundaci\u00f3n Uribarren Abaroa y de todo jard\u00edn bot\u00e1nico, el Jard\u00edn Bot\u00e1nico Uribarren Abaroa ofrece <strong>visitas educativas<\/strong> para <strong>diferentes colectivos<\/strong>, incidiendo especialmente en<strong> grupos escolares<\/strong> con el objetivo de dar a conocer el mundo de las plantas de forma simple y directa. Estas actividades est\u00e1n adaptadas a los diferentes niveles educativos complementando los conocimientos b\u00e1sicos que adquieren los\/as alumnos\/as en el temario escolar.<br \/>\nAs\u00ed mismo, se organizan <strong>visitas guiadas<\/strong> a toda persona o grupo interesado en conocer el Jard\u00edn Bot\u00e1nico Uribarren Abaroa.<\/h6>\n<\/div><\/div><\/div><\/div><\/div><div class=\"w-separator size_large with_line width_default thick_1 style_solid color_border align_center\"><div class=\"w-separator-h\"><\/div><\/div><div class=\"w-btn-wrapper align_center\"><a class=\"w-btn us-btn-style_1 us_custom_f73f4019\" href=\"#quever\"><span class=\"w-btn-label\">Qu\u00e9 ver<\/span><\/a><\/div><\/div><\/div><\/div><\/div><\/section><section class=\"l-section wpb_row height_medium full_height valign_center color_primary with_img parallax_ver parallaxdir_reversed\" id=\"quever\"><div class=\"l-section-img\" role=\"img\" aria-label=\"Imagen\" data-img-width=\"1880\" data-img-height=\"632\" style=\"background-image: url(https:\/\/uribarren.es\/esp\/wp-content\/uploads\/2014\/08\/jardin-botanico01.jpg);\"><\/div><div class=\"l-section-overlay\" style=\"background:rgba(30,30,30,0.75)\"><\/div><div class=\"l-section-h i-cf\"><div class=\"g-cols vc_row via_grid cols_1 laptops-cols_inherit tablets-cols_inherit mobiles-cols_1 valign_top type_default stacking_default\"><div class=\"wpb_column vc_column_container align_center\"><div class=\"vc_column-inner\"><div class=\"wpb_text_column\"><div class=\"wpb_wrapper\"><h2>Qu\u00e9 puedes ver<\/h2>\n<\/div><\/div><div class=\"w-separator size_large with_line width_default thick_1 style_solid color_border align_center\"><div class=\"w-separator-h\"><\/div><\/div><div class=\"g-cols wpb_row via_grid cols_4 laptops-cols_inherit tablets-cols_inherit mobiles-cols_1 valign_top type_default stacking_default\" style=\"--columns-gap:3rem;\"><div class=\"wpb_column vc_column_container\"><div class=\"vc_column-inner\"><div class=\"w-iconbox iconpos_top style_circle color_custom align_center no_text\"><a href=\"https:\/\/uribarren.es\/esp\/plantas-aromaticas\/\" class=\"w-iconbox-link\" aria-label=\"Plantas Arom\u00e1ticas\"><div class=\"w-iconbox-icon\" style=\"font-size:;--icon-color:#d68989;\"><i class=\"fas fa-leaf\"><\/i><\/div><\/a><div class=\"w-iconbox-meta\"><h4 class=\"w-iconbox-title\"><a href=\"https:\/\/uribarren.es\/esp\/plantas-aromaticas\/\" class=\"w-iconbox-link\" aria-label=\"Plantas Arom\u00e1ticas\">Plantas Arom\u00e1ticas<\/a><\/h4><\/div><\/div><\/div><\/div><div class=\"wpb_column vc_column_container\"><div class=\"vc_column-inner\"><div class=\"w-iconbox iconpos_top style_circle color_custom align_center no_text\"><a href=\"https:\/\/uribarren.es\/esp\/zona-mediterranea\/\" class=\"w-iconbox-link\" aria-label=\"Zona mediterr\u00e1nea\"><div class=\"w-iconbox-icon\" style=\"font-size:;--icon-color:#95c0d6;\"><i class=\"fas fa-leaf\"><\/i><\/div><\/a><div class=\"w-iconbox-meta\"><h4 class=\"w-iconbox-title\"><a href=\"https:\/\/uribarren.es\/esp\/zona-mediterranea\/\" class=\"w-iconbox-link\" aria-label=\"Zona mediterr\u00e1nea\">Zona mediterr\u00e1nea<\/a><\/h4><\/div><\/div><\/div><\/div><div class=\"wpb_column vc_column_container\"><div class=\"vc_column-inner\"><div class=\"w-iconbox iconpos_top style_circle color_custom align_center no_text\"><a href=\"https:\/\/uribarren.es\/esp\/arboles\/\" class=\"w-iconbox-link\" aria-label=\"\u00c1rboles\"><div class=\"w-iconbox-icon\" style=\"font-size:;--icon-color:#8fbc3a;\"><i class=\"fas fa-leaf\"><\/i><\/div><\/a><div class=\"w-iconbox-meta\"><h4 class=\"w-iconbox-title\"><a href=\"https:\/\/uribarren.es\/esp\/arboles\/\" class=\"w-iconbox-link\" aria-label=\"\u00c1rboles\">\u00c1rboles<\/a><\/h4><\/div><\/div><\/div><\/div><div class=\"wpb_column vc_column_container\"><div class=\"vc_column-inner\"><div class=\"w-iconbox iconpos_top style_circle color_custom align_center no_text\"><a href=\"https:\/\/uribarren.es\/esp\/arbustos\/\" class=\"w-iconbox-link\" aria-label=\"Arbustos\"><div class=\"w-iconbox-icon\" style=\"font-size:;--icon-color:#468e25;\"><i class=\"fas fa-leaf\"><\/i><\/div><\/a><div class=\"w-iconbox-meta\"><h4 class=\"w-iconbox-title\"><a href=\"https:\/\/uribarren.es\/esp\/arbustos\/\" class=\"w-iconbox-link\" aria-label=\"Arbustos\">Arbustos<\/a><\/h4><\/div><\/div><\/div><\/div><\/div><div class=\"w-separator size_medium with_line width_default thick_1 style_solid color_border align_center\"><div class=\"w-separator-h\"><\/div><\/div><\/div><\/div><\/div><\/div><\/section>\n","protected":false},"excerpt":{"rendered":"[vc_custom_heading text=\"Descubre nuestro Jard\u00edn Bot\u00e1nico\" font_container=\"tag:h1|font_size:4rem|text_align:center\" use_theme_fonts=\"yes\" css=\"%7B%22default%22%3A%7B%22font-size%22%3A%224rem%22%7D%7D\"]Jard\u00edn Bot\u00e1nico\u00a0Uribarren Abaroa Desde la Fundaci\u00f3n hemos querido crear un espacio de estudio y divulgaci\u00f3n de la gran variedad de \u00e1rboles y plantas que conforman la colecci\u00f3n privada que podemos encontrar en nuestros jardines (m\u00e1s de 2.000 ejemplares con 123 especies y\/o subespecies diferentes), junto con dos huertos,...","protected":false},"author":1,"featured_media":0,"parent":0,"menu_order":0,"comment_status":"closed","ping_status":"closed","template":"","meta":{"footnotes":""},"class_list":["post-3549","page","type-page","status-publish","hentry"],"_links":{"self":[{"href":"https:\/\/uribarren.es\/esp\/wp-json\/wp\/v2\/pages\/3549","targetHints":{"allow":["GET"]}}],"collection":[{"href":"https:\/\/uribarren.es\/esp\/wp-json\/wp\/v2\/pages"}],"about":[{"href":"https:\/\/uribarren.es\/esp\/wp-json\/wp\/v2\/types\/page"}],"author":[{"embeddable":true,"href":"https:\/\/uribarren.es\/esp\/wp-json\/wp\/v2\/users\/1"}],"replies":[{"embeddable":true,"href":"https:\/\/uribarren.es\/esp\/wp-json\/wp\/v2\/comments?post=3549"}],"version-history":[{"count":19,"href":"https:\/\/uribarren.es\/esp\/wp-json\/wp\/v2\/pages\/3549\/revisions"}],"predecessor-version":[{"id":30895,"href":"https:\/\/uribarren.es\/esp\/wp-json\/wp\/v2\/pages\/3549\/revisions\/30895"}],"wp:attachment":[{"href":"https:\/\/uribarren.es\/esp\/wp-json\/wp\/v2\/media?parent=3549"}],"curies":[{"name":"wp","href":"https:\/\/api.w.org\/{rel}","templated":true}]}}